*o + 95*o + 101*o + 1. Calculate r(m).
9
Let f be 7 + (0 - (-8)/(-4)). Suppose -10 = -f*w, w = v - 3*v + 46. Let l(d) = 17 - 60 + v + 17 - 5*d. Calculate l(-3).
11
Let u(h) = 11*h + 298. Suppose 3*d + 161 = -5*t, 4*d = 165 - 193. What is u(t)?
-10
Let o(z) = z**2 + 14*z. Let q = 452 - 248. Let u be (-4)/10 - 3/(45/q). Give o(u).
0
Suppose 14 = 5*n - 16. Let l(d) be the first derivative of d**4/12 - 7*d**3/6 - 3*d**2/2 + 5*d - 2. Let x(i) be the first derivative of l(i). Give x(n).
-9
Let d be (-2)/(-4) + (-126)/28. Let t(h) = h + 36. Let w be t(-13). Let i(g) = 4*g**2 - w*g + g**3 - 6 + 10*g + 11*g. Give i(d).
2
Let a(y) = -y**2 + 5*y - 1. Let b(d) = -2*d + 22. Suppose 8*f + 0*f - 80 = 0. Let p be b(f). Let j be a(p). Let l(z) = z**3 - 4*z**2 - 7*z + 5. Give l(j).
-5
Let v(q) = 36*q**2 - 26*q - 1 - 19*q + 90*q - 21*q - 19*q. Calculate v(1).
40
Let p be (10/8)/((-2)/8). Let c(w) be the second derivative of 1/6*w**3 - 57*w + 2 + 2*w**2. Determine c(p).
-1
Let h(c) = 5*c**3 - 15*c**2 + 10*c. Let q(a) = 4*a**3 - 9*a**2 + 5*a + 1. Let b(j) = -2*h(j) + 3*q(j). Give b(1).
3
Let n(w) = 25 - 2*w - 4 + 2 - 19. Let d be (-4)/(-30) + (-930)/225. Determine n(d).
12
Let m(p) = p**3 + 2*p**2 + 4*p. Let y be m(-2). Let i(o) = -4*o - 47. Calculate i(y).
-15
Let l be (-2 + 3 - 2)*1. Let i(u) = 3*u + 7. Let r be i(l). Let d(m) = 4*m - 61 + 30 + 3*m**3 + 34 - r*m**2 - 2*m**3. Give d(4).
19
Suppose -923*l = -841*l - 801 + 3753. Let m(k) = -6*k - 208. Calculate m(l).
8
Let n(u) = -5 - 6 + 3 - 2*u**3 - 11*u**2 + 4*u + 3*u**3. Let r be (2024/(-138))/(12/(-9)). Determine n(r).
36
Let b be (3 + 0/(-4))*12/1. Suppose 2*n = 11*n - b. Let m(l) be the second derivative of -l**4/12 + 5*l**3/6 + 2*l**2 + l. Give m(n).
8
Let v(l) = -l - 5. Let o(t) = -6*t - 51. Let s(h) = o(h) - 12*v(h). Give s(3).
27
Suppose -5*l + 4*p = 46, 0 = 19*p - 21*p + 8. Let w(h) = -h**2 + 5*h + 13. Determine w(l).
-53
Let z(l) = l**3 - 6*l**2 + 2*l - 9. Let w(n) = 2*n**2 + 17*n + 24. Let f be w(-7). Suppose 3*i - 6*g + 3*g = f, 43 = 3*i + 5*g. What is z(i)?
3
Let f be 7/((-33)/9 + 4). Let c(q) be the first derivative of -3 + q + 18*q**2 - 40*q**2 + 21 + f*q**2. Determine c(2).
-3
Let m(k) = -k**2 - 11*k - 5. Suppose 2*w = -3*f + 3, -2*w + 5 = f - 0*w. Let h be f/((-10 + 5)/(-55)). Calculate m(h).
-5
Let c(h) be the first derivative of 7*h**2 + 41*h + 3455. What is c(-7)?
-57
Let k be 26 + 3 - (3 - 2). Let f = -28 + k. Let n(p) = f*p + 2 + 6*p - 7*p. Determine n(3).
-1
Suppose 795*p = 818*p + 138. Let w(m) be the first derivative of -3*m**2/2 - 8*m - 1. What is w(p)?
10
Let j(m) = 2*m - 1. Let r(d) = -41*d - 110. Let k(b) = 14*b + 37. Let i(p) = -11*k(p) - 4*r(p). Let u be i(-3). Calculate j(u).
5
Suppose 0 = -2*x + 129 + 89. Let i = x + -107. Let d(z) = 4*z**2 + 0*z**2 - 4*z + 3 + z**3 - 4*z**2 - 5*z**i. Calculate d(5).
-17
Let u(l) = l**3 + 44*l**2 - 605*l + 5. Let o be u(11). Let g(m) be the second derivative of m**5/20 - m**4/2 + 5*m**3/6 + 7*m**2/2 + m. What is g(o)?
7
Let t(l) be the second derivative of l**4/12 + l**3 - 9*l**2/2 + 2*l - 106. Let c(w) = w - 5. Let z be c(-5). What is t(z)?
31
Let b(u) = -512950*u - 2*u**3 + u**3 + 512951*u - 7 + 2*u**2. Calculate b(2).
-5
Let k(y) = y**3 + 2*y**2 + y + 2. Let g be k(-2). Suppose 3*p - 34 + 16 = g. Let v(j) = -6*j**2 + 4*j + j**3 - 3 - 4*j - 5. Calculate v(p).
-8
Let x = 66 - 45. Let v be ((-8)/(-14))/(3/x). Suppose v = 17*w - 18*w. Let c(n) = n**2 + 6*n + 2. Determine c(w).
-6
Suppose 13 = 4*s - 3. Let o(q) = 11*q**2 + s + 5*q**2 + 11*q**2 - 28*q**2. Calculate o(0).
4
Let o(g) = -g + 11. Suppose -148*k = -304*k. Determine o(k).
11
Let b(d) be the third derivative of -37*d**8/20160 - d**7/2520 + d**6/720 - 161*d**5/60 - d**2 + 10*d. Let l(h) be the third derivative of b(h). What is l(1)?
-38
Let h(t) = -t**3 - 3*t**2 + 2*t + 2. Let g be h(-3). Let o(s) be the second derivative of 1/12*s**4 + 0 + 3*s**2 + 1/2*s**3 - 38*s. Determine o(g).
10
Let p(z) be the second derivative of z**5/20 + z**3/6 + z. Suppose 13598 = -144*b + 13454. Calculate p(b).
-2
Let h(c) = 4*c - 1. Let y(q) = -7*q + 3. Let u(a) = -5*h(a) - 3*y(a). Suppose -215*x = -187*x - 196. Determine u(x).
3
Let b(u) = -u**3 + 8*u**2 + 22*u - 109. Let t be b(9). Let w(p) = 23 - 11 + 0 - 2 - p. Calculate w(t).
2
Let w(v) = v + 4. Let u be 2 + 1 + -2 - 9/(-3). Let z(p) = -p**3 - 14*p**2 - 11*p + 26. Let r be z(-13). Suppose d + 2 = r, x - u = d - 5. What is w(x)?
1
Suppose -2*u = u + 3. Let q(k) = 66 + 3*k - 21 - 2*k - 22 - 24 + 3*k. Calculate q(u).
-5
Let t be (-12)/(-22) + ((-10936)/44 - -7). Let p = t - -248. Let w(n) = -n**3 + 7*n**2 + 3*n + 3. Give w(p).
24
Suppose 45 = -1323*c + 1338*c. Let j(q) = -q**3 - q**2 - q - 1. Let i(z) = -7*z**3 - 3*z**2 - 8*z - 4. Let w(t) = -i(t) + 6*j(t). Determine w(c).
4
Let y be ((-12)/36)/(-2 - (-233)/117). Suppose -31*r + 64 = -y*r. Let h(b) be the second derivative of -b**5/20 - 2*b**4/3 - b**3/6 + b**2 + b. What is h(r)?
10
Let p(u) = u**3 - 6*u**2 + 4*u - 4. Suppose 22*t + 217 - 1295 = 0. Let x be (-268)/(-5) + (-2)/(-5). Let d = x - t. Give p(d).
-9
Let j(s) be the third derivative of -s**6/120 + s**5/4 - 5*s**4/12 - 5*s**3/2 + 617*s**2. Give j(14).
41
Let i(x) = -7*x**2 - 12*x. Suppose 3*b - 48 = -5*b. Let z(r) = 6*r**2 + 10*r. Let k(y) = b*z(y) + 5*i(y). Determine k(-4).
16
Let d = -20072 - -20078. Let a(q) = -50*q + 301. Give a(d).
1
Let g(w) be the third derivative of -7*w**4/6 - 35*w**3/3 + 419*w**2 + 2*w + 2. Calculate g(-3).
14
Let q(b) = b**3 - b**2 + 2. Suppose -6 = -k + 3*h, 3*h + 15 = -9*k + 13*k. Give q(k).
20
Let z(m) be the first derivative of 2/3*m**3 + 3*m + 3/2*m**2 - 8. Let v = -222 + 219. Give z(v).
12
Let j(z) = -21*z + 31. Let t(f) = 5*f - 8. Let w(y) = -2*j(y) - 9*t(y). Let r(c) = 38*c + 81. Let m be r(-2). What is w(m)?
-5
Suppose 0 = 3*n - 3*k - 39, -82*n + k - 17 = -83*n. Let x(c) = c**3 - 16*c**2 + 16*c + 7. Determine x(n).
22
Let b be ((-4)/(-6))/((-14)/(-189)). Let d(k) = 13*k + 10. Let l(o) = -o**2 - 2*o + 1. Let p(n) = -d(n) - l(n). Calculate p(b).
-29
Let v(o) be the first derivative of -5*o**2 + 2*o - 1922. What is v(1)?
-8
Let d(t) = t + 11*t**3 - 12*t**3 - 14*t - 137 + 82 - 15*t**2 + 67. Let u(q) = -q**3 - 18*q**2 + 2*q + 22. Let y be u(-18). What is d(y)?
-2
Let r be (28/42)/(2/6). Let n(u) = u - r*u - u**3 - 36 + u**2 + 36. Let l(m) = 5*m**3 + 2*m + 1. Let a(i) = -l(i) - 4*n(i). Calculate a(-3).
-16
Suppose 0*a + 2*a = 8. Suppose -4*n + 40 = -a*p, n + 38 = 43. Let l(v) = v**3 + 6*v**2 - v - 3. What is l(p)?
27
Suppose w + 32*i - 33*i - 5 = 0, -3*i = 4*w + 8. Let o(a) = 3*a**3 - 3*a**3 - 5*a**3 + a**3. What is o(w)?
-4
Let a(m) = 37*m + 50. Let c be a(-5). Let t = 133 + c. Let s(j) = j**3 + j**2 + j - 2. Give s(t).
-8
Let w(j) = 61*j**2 - 38*j**2 - 3*j - 31*j**2 - 7 - j**3. Determine w(-8).
17
Let t(z) = -3*z**3 - 14*z**2 + 29*z + 21. Suppose 4271 = 258*h + 5819. Give t(h).
-9
Let a(q) = q + 19. Let n be (-2)/(-6)*3 - 15. Calculate a(n).
5
Let m(q) be the third derivative of -q**7/840 + q**6/180 - q**5/120 + q**4/24 - 107*q**3/6 - 35*q**2. Let t(d) be the first derivative of m(d). What is t(2)?
-1
Let a(n) be the first derivative of n**4/4 + 7*n**3/3 - n**2/2 - 47*n + 2276. Determine a(-6).
-5
Let c(s) = 9*s**2 + 25*s - 3. Let v be c(-3). Let o(u) = -99 - 14*u + 89 - v*u**2 + u + 2*u**2. What is o(-12)?
2
Let n(f) be the second derivative of -1/3*f**3 - 298*f - 1/12*f**4 + 0 + 3*f**2. Determine n(-8).
-42
Let n(g) be the first derivative of 12*g**2 + 29*g - 221. Let c(a) = 25*a + 35. Let x(m) = -5*c(m) + 6*n(m). Give x(2).
37
Let x(w) = 0*w - 3 + w - 3 + 10. Let k(i) = i - i**3 - 2*i**2 + 5*i**2 - 2*i**2. Let z be k(0). Determine x(z).
4
Let p(l) = 5*l**3 + 2*l**2 - 2*l - 3. Suppose 0 = 6*m - 25 - 47. Suppose -29*b - 46 = m. What is p(b)?
-31
Suppose 0 = -192*g - 40 + 520 + 864. Let a(m) = m**3 - 6*m**2 - 8*m + 27. What is a(g)?
20
Let v(r) = r**2 + 15*r + 24. Suppose -38548*l = -38546*l + 24. Give v(l).
-12
Let x(l) = 5*l - 2. Let o(g) = -6*g + 2. Suppose 0 = -6*d + 11*d - 25. Let k(b) = d*x(b) + 4*o(b). Suppose -103*r - 20 = -107*r. What is k(r)?
3
Let u(r) = -1 + 21*r - 42*r**2 + 43*r**2 - 25*r. Give u(6).
11
Let k = 29 - 27. Let w be k/12 + 136/48 + -3. Let y(m) = -m**3 + m**2 + m - 1. Give y(w).
-1
Let k